{"id":75,"date":"2026-03-21T22:11:57","date_gmt":"2026-03-21T22:11:57","guid":{"rendered":"http:\/\/localhost:8088\/?page_id=75"},"modified":"2026-04-17T22:29:39","modified_gmt":"2026-04-17T22:29:39","slug":"ekologia-i-cieplownictwo","status":"publish","type":"page","link":"https:\/\/twojpreview.pl\/?page_id=75","title":{"rendered":"EKOLOGIA I CIEP\u0141OWNICTWO\u200b"},"content":{"rendered":"\t\t<div data-elementor-type=\"wp-page\" data-elementor-id=\"75\" class=\"elementor elementor-75\">\n\t\t\t\t<div class=\"elementor-element elementor-element-b261e7b e-flex e-con-boxed e-con e-parent\" data-id=\"b261e7b\" data-element_type=\"container\" data-e-type=\"container\">\n\t\t\t\t\t<div class=\"e-con-inner\">\n\t\t\t\t<div class=\"elementor-element elementor-element-387f6e9 elementor-widget elementor-widget-text-editor\" data-id=\"387f6e9\" data-element_type=\"widget\" data-e-type=\"widget\" data-widget_type=\"text-editor.default\">\n\t\t\t\t\t\t\t\t\tW obliczu rosn\u0105cych koszt\u00f3w energii i coraz wi\u0119kszej potrzeby zr\u00f3wnowa\u017conego zarz\u0105dzania zasobami, <strong data-start=\"99\" data-end=\"144\">rekuperacja ciep\u0142a ze \u015bciek\u00f3w pralniczych<\/strong> staje si\u0119 kluczowym rozwi\u0105zaniem w przemy\u015ble pralniczym i innych bran\u017cach przemys\u0142owych. <strong data-start=\"234\" data-end=\"251\">Omega Ekotech<\/strong> oferuje innowacyjne systemy, kt\u00f3re pozwalaj\u0105 na efektywne wykorzystanie ciep\u0142a odpadowego, obni\u017cenie zu\u017cycia energii oraz minimalizacj\u0119 negatywnego wp\u0142ywu na \u015brodowisko. Nasze rozwi\u0105zania pomagaj\u0105 firmom w zwi\u0119kszeniu efektywno\u015bci operacyjnej, redukcji emisji CO\u2082 oraz osi\u0105gni\u0119ciu oszcz\u0119dno\u015bci energetycznych.\n\nWdra\u017caj\u0105c systemy rekuperacji ciep\u0142a, firmy nie tylko obni\u017caj\u0105 swoje koszty operacyjne, ale r\u00f3wnie\u017c spe\u0142niaj\u0105 coraz bardziej restrykcyjne normy \u015brodowiskowe. Dzi\u0119ki integracji nowoczesnych technologii, takich jak wymienniki ciep\u0142a czy pompy ciep\u0142a, przedsi\u0119biorstwa mog\u0105 efektywnie zarz\u0105dza\u0107 energi\u0105, minimalizuj\u0105c zu\u017cycie paliw kopalnych i redukuj\u0105c emisje gaz\u00f3w cieplarnianych. W d\u0142u\u017cszej perspektywie, inwestycja w rekuperacj\u0119 ciep\u0142a staje si\u0119 nie tylko rozwi\u0105zaniem ekonomicznym, ale r\u00f3wnie\u017c elementem strategii zr\u00f3wnowa\u017conego rozwoju, kt\u00f3ry przynosi korzy\u015bci zar\u00f3wno firmom, jak i \u015brodowisku.\t\t\t\t\t\t\t\t<\/div>\n\t\t\t\t<div class=\"elementor-element elementor-element-60071ce e-transform elementor-widget elementor-widget-heading\" data-id=\"60071ce\" data-element_type=\"widget\" data-e-type=\"widget\" data-settings=\"{&quot;_transform_rotateZ_effect&quot;:{&quot;unit&quot;:&quot;px&quot;,&quot;size&quot;:&quot;&quot;,&quot;sizes&quot;:[]},&quot;_transform_rotateZ_effect_tablet&quot;:{&quot;unit&quot;:&quot;deg&quot;,&quot;size&quot;:&quot;&quot;,&quot;sizes&quot;:[]},&quot;_transform_rotateZ_effect_mobile&quot;:{&quot;unit&quot;:&quot;deg&quot;,&quot;size&quot;:&quot;&quot;,&quot;sizes&quot;:[]}}\" data-widget_type=\"heading.default\">\n\t\t\t\t\t<h1 class=\"elementor-heading-title elementor-size-default\">Rekuperacja ciep\u0142a z \u015bciek\u00f3w pralniczych<\/h1>\t\t\t\t<\/div>\n\t\t\t\t<div class=\"elementor-element elementor-element-7590047 elementor-widget elementor-widget-heading\" data-id=\"7590047\" data-element_type=\"widget\" data-e-type=\"widget\" data-widget_type=\"heading.default\">\n\t\t\t\t\t<span class=\"elementor-heading-title elementor-size-default\">EKOLOGIA I CIEP\u0141OWNICTWO<\/span>\t\t\t\t<\/div>\n\t\t\t\t<div class=\"elementor-element elementor-element-b5e5874 elementor-widget elementor-widget-heading\" data-id=\"b5e5874\" data-element_type=\"widget\" data-e-type=\"widget\" data-widget_type=\"heading.default\">\n\t\t\t\t\t<span class=\"elementor-heading-title elementor-size-default\">Us\u0142uga<\/span>\t\t\t\t<\/div>\n\t\t\t\t<div class=\"elementor-element elementor-element-cefa0a1 elementor-widget elementor-widget-spacer\" data-id=\"cefa0a1\" data-element_type=\"widget\" data-e-type=\"widget\" data-widget_type=\"spacer.default\">\n\t\t\t\t\t\t\t<div class=\"elementor-spacer\">\n\t\t\t<div class=\"elementor-spacer-inner\"><\/div>\n\t\t<\/div>\n\t\t\t\t\t\t<\/div>\n\t\t\t\t\t<\/div>\n\t\t\t\t<\/div>\n\t\t<div class=\"elementor-element elementor-element-f3d48e3 e-flex e-con-boxed e-con e-parent\" data-id=\"f3d48e3\" data-element_type=\"container\" data-e-type=\"container\">\n\t\t\t\t\t<div class=\"e-con-inner\">\n\t\t<div class=\"elementor-element elementor-element-06fe6ba e-con-full e-flex e-con e-child\" data-id=\"06fe6ba\" data-element_type=\"container\" data-e-type=\"container\">\n\t\t\t\t<div class=\"elementor-element elementor-element-67e9165 elementor-widget elementor-widget-heading\" data-id=\"67e9165\" data-element_type=\"widget\" data-e-type=\"widget\" data-widget_type=\"heading.default\">\n\t\t\t\t\t<h2 class=\"elementor-heading-title elementor-size-default\">Nasze rozwi\u0105zania w zakresie rekuperacji ciep\u0142a:<\/h2>\t\t\t\t<\/div>\n\t\t\t\t<div class=\"elementor-element elementor-element-baf253f elementor-widget elementor-widget-text-editor\" data-id=\"baf253f\" data-element_type=\"widget\" data-e-type=\"widget\" data-widget_type=\"text-editor.default\">\n\t\t\t\t\t\t\t\t\t<div class=\"description\">\n\n<strong>\u2022 Zaawansowane wymienniki ciep\u0142a<\/strong> \u2013 odzyskuj\u0105 energi\u0119 termiczn\u0105 ze \u015bciek\u00f3w pralniczych, kt\u00f3ra mo\u017ce by\u0107 ponownie wykorzystana w procesie prania.<br data-start=\"230\" data-end=\"233\" \/><strong>\u2022 Systemy rekuperacji i magazynowania ciep\u0142a<\/strong>, pozwalaj\u0105ce na efektywne zarz\u0105dzanie energi\u0105 w pralniach przemys\u0142owych.<br data-start=\"350\" data-end=\"353\" \/><strong>\u2022 Optymalizacja proces\u00f3w technologicznych<\/strong>, zwi\u0119kszaj\u0105ca oszcz\u0119dno\u015bci operacyjne i redukuj\u0105ca emisj\u0119 CO\u2082.<br data-start=\"457\" data-end=\"460\" \/><strong>\u2022 Integracja z nowoczesnymi systemami zarz\u0105dzania energi\u0105<\/strong>, co pozwala na automatyczne monitorowanie i optymalizacj\u0119 zu\u017cycia ciep\u0142a.\n\n<\/div>\t\t\t\t\t\t\t\t<\/div>\n\t\t\t\t<\/div>\n\t\t<div class=\"elementor-element elementor-element-1dbad83 e-con-full e-flex e-con e-child\" data-id=\"1dbad83\" data-element_type=\"container\" data-e-type=\"container\">\n\t\t\t\t<div class=\"elementor-element elementor-element-8fe28c7 elementor-widget elementor-widget-image\" data-id=\"8fe28c7\" data-element_type=\"widget\" data-e-type=\"widget\" data-widget_type=\"image.default\">\n\t\t\t\t\t\t\t\t\t\t\t\t\t\t\t<img fetchpriority=\"high\" decoding=\"async\" width=\"900\" height=\"507\" src=\"https:\/\/twojpreview.pl\/wp-content\/uploads\/2026\/03\/Odzysk-Ciepla.webp\" class=\"attachment-full size-full wp-image-81\" alt=\"Odzysk Ciep\u0142a, Rekuperacja ciep\u0142a\" srcset=\"https:\/\/twojpreview.pl\/wp-content\/uploads\/2026\/03\/Odzysk-Ciepla.webp 900w, https:\/\/twojpreview.pl\/wp-content\/uploads\/2026\/03\/Odzysk-Ciepla-300x169.webp 300w, https:\/\/twojpreview.pl\/wp-content\/uploads\/2026\/03\/Odzysk-Ciepla-768x433.webp 768w\" sizes=\"(max-width: 900px) 100vw, 900px\" \/>\t\t\t\t\t\t\t\t\t\t\t\t\t\t\t<\/div>\n\t\t\t\t<\/div>\n\t\t\t\t\t<\/div>\n\t\t\t\t<\/div>\n\t\t<div class=\"elementor-element elementor-element-e48198f e-flex e-con-boxed e-con e-parent\" data-id=\"e48198f\" data-element_type=\"container\" data-e-type=\"container\">\n\t\t\t\t\t<div class=\"e-con-inner\">\n\t\t\t\t<div class=\"elementor-element elementor-element-e7be2dd elementor-widget elementor-widget-heading\" data-id=\"e7be2dd\" data-element_type=\"widget\" data-e-type=\"widget\" data-widget_type=\"heading.default\">\n\t\t\t\t\t<h2 class=\"elementor-heading-title elementor-size-default\">Rekuperacja ciep\u0142a \u2013 efektywno\u015b\u0107, oszcz\u0119dno\u015b\u0107 i troska o \u015brodowisko<\/h2>\t\t\t\t<\/div>\n\t\t\t\t<div class=\"elementor-element elementor-element-a6671d5 elementor-widget elementor-widget-text-editor\" data-id=\"a6671d5\" data-element_type=\"widget\" data-e-type=\"widget\" data-widget_type=\"text-editor.default\">\n\t\t\t\t\t\t\t\t\t<article class=\"w-full text-token-text-primary\" dir=\"auto\" data-testid=\"conversation-turn-54\" data-scroll-anchor=\"true\">\n<div class=\"text-base my-auto mx-auto py-5 px-6\">\n<div class=\"mx-auto flex flex-1 text-base gap-4 md:gap-5 lg:gap-6 md:max-w-3xl lg:max-w-[40rem] xl:max-w-[48rem] group\/turn-messages focus-visible:outline-none\" tabindex=\"-1\">\n<div class=\"group\/conversation-turn relative flex w-full min-w-0 flex-col agent-turn @xs\/thread:px-0 @sm\/thread:px-1.5 @md\/thread:px-4\">\n<div class=\"relative flex-col gap-1 md:gap-3\">\n<div class=\"flex max-w-full flex-col flex-grow\">\n<div class=\"min-h-8 text-message relative flex w-full flex-col items-end gap-2 whitespace-normal break-words text-start [.text-message+&amp;]:mt-5\" dir=\"auto\" data-message-author-role=\"assistant\" data-message-id=\"24d6ba01-d2d1-455d-aa00-dfa41a46b0df\" data-message-model-slug=\"gpt-4o\">\n<div class=\"flex w-full flex-col gap-1 empty:hidden first:pt-[3px]\">\n<div class=\"markdown prose w-full break-words dark:prose-invert dark\">\n<p class=\"\" data-start=\"54\" data-end=\"448\">Systemy rekuperacji ciep\u0142a to innowacyjne rozwi\u0105zania, kt\u00f3re pozwalaj\u0105 maksymalnie wykorzysta\u0107 energi\u0119 powsta\u0142\u0105 w procesach przemys\u0142owych, ograniczaj\u0105c jej marnowanie. Dzi\u0119ki rekuperacji ciep\u0142a, mo\u017cliwe jest znacz\u0105ce zwi\u0119kszenie efektywno\u015bci operacyjnej, co przek\u0142ada si\u0119 na lepsz\u0105 stabilno\u015b\u0107 proces\u00f3w i wy\u017csz\u0105 wydajno\u015b\u0107 energetyczn\u0105 w codziennej dzia\u0142alno\u015bci przedsi\u0119biorstwa.<\/p>\n<p class=\"\" data-start=\"450\" data-end=\"724\">Niezwykle istotnym elementem skutecznego wdro\u017cenia jest dostosowanie systemu do indywidualnych potrzeb klienta. Ka\u017cdy obiekt ma swoj\u0105 specyfik\u0119 \u2013 dlatego personalizacja pozwala na osi\u0105gni\u0119cie maksymalnej efektywno\u015bci przy jednoczesnym zachowaniu elastyczno\u015bci dzia\u0142ania.<\/p>\n<p class=\"\" data-start=\"726\" data-end=\"1063\">Co wi\u0119cej, <strong data-start=\"737\" data-end=\"760\">oszcz\u0119dno\u015b\u0107 energii<\/strong> dzi\u0119ki rekuperacji ciep\u0142a to nie tylko mniejsze zu\u017cycie surowc\u00f3w, ale r\u00f3wnie\u017c realna <strong data-start=\"850\" data-end=\"887\">redukcja koszt\u00f3w eksploatacyjnych<\/strong>. Poprzez ponowne wykorzystanie ciep\u0142a odpadowego przedsi\u0119biorstwo mo\u017ce znacz\u0105co ograniczy\u0107 wydatki operacyjne, a tym samym poprawi\u0107 swoj\u0105 <strong data-start=\"1030\" data-end=\"1062\">rentowno\u015b\u0107 i konkurencyjno\u015b\u0107<\/strong>.<\/p>\n<p class=\"\" data-start=\"1065\" data-end=\"1323\">Nie bez znaczenia pozostaje r\u00f3wnie\u017c <strong data-start=\"1101\" data-end=\"1126\">ekologiczne podej\u015bcie<\/strong>. Zmniejszenie zu\u017cycia paliw kopalnych i redukcja emisji CO\u2082 to konkretne dzia\u0142ania na rzecz \u015brodowiska, kt\u00f3re coraz cz\u0119\u015bciej staj\u0105 si\u0119 jednym z g\u0142\u00f3wnych cel\u00f3w strategicznych nowoczesnych firm.<\/p>\n<p class=\"\" data-start=\"1325\" data-end=\"1622\">Inwestuj\u0105c w rekuperacj\u0119 ciep\u0142a, inwestujesz nie tylko w nowoczesno\u015b\u0107 i oszcz\u0119dno\u015b\u0107, ale r\u00f3wnie\u017c w <strong data-start=\"1428\" data-end=\"1451\">zr\u00f3wnowa\u017cony rozw\u00f3j<\/strong>. To rozwi\u0105zanie, kt\u00f3re \u0142\u0105czy technik\u0119 z odpowiedzialno\u015bci\u0105, oferuj\u0105c realne korzy\u015bci dla biznesu i planety. To krok w stron\u0119 zielonej przysz\u0142o\u015bci, kt\u00f3ra zaczyna si\u0119 dzi\u015b.<\/p>\n<p class=\"\" data-start=\"1624\" data-end=\"2078\">Systemy rekuperacji ciep\u0142a pomagaj\u0105 firmom w zwi\u0119kszeniu wydajno\u015bci energetycznej oraz zmniejszeniu ich wp\u0142ywu na \u015brodowisko. Wprowadzenie takich rozwi\u0105za\u0144 w przedsi\u0119biorstwach przemys\u0142owych nie tylko poprawia efektywno\u015b\u0107 produkcji, ale tak\u017ce umo\u017cliwia d\u0142ugoterminowe oszcz\u0119dno\u015bci oraz zr\u00f3wnowa\u017cony rozw\u00f3j. W tym kontek\u015bcie, inwestycja w rekuperacj\u0119 ciep\u0142a staje si\u0119 nie tylko kwesti\u0105 oszcz\u0119dno\u015bci, ale tak\u017ce strategi\u0105 na przysz\u0142o\u015b\u0107.<\/p>\n\n<\/div>\n<\/div>\n<\/div>\n<\/div>\n<\/div>\n<\/div>\n<\/div>\n<\/div>\n<\/article>\t\t\t\t\t\t\t\t<\/div>\n\t\t\t\t\t<\/div>\n\t\t\t\t<\/div>\n\t\t<div class=\"elementor-element elementor-element-0199768 e-flex e-con-boxed e-con e-parent\" data-id=\"0199768\" data-element_type=\"container\" data-e-type=\"container\">\n\t\t\t\t\t<div class=\"e-con-inner\">\n\t\t\t\t<div class=\"elementor-element elementor-element-045aa56 elementor-widget__width-initial elementor-widget elementor-widget-image\" data-id=\"045aa56\" data-element_type=\"widget\" data-e-type=\"widget\" data-widget_type=\"image.default\">\n\t\t\t\t\t\t\t\t\t\t\t\t\t\t\t<img decoding=\"async\" width=\"1920\" height=\"553\" src=\"https:\/\/twojpreview.pl\/wp-content\/uploads\/2026\/04\/Rekuperacja-ciepla.jpg\" class=\"attachment-full size-full wp-image-328\" alt=\"Rekuperacja ciep\u0142a\" srcset=\"https:\/\/twojpreview.pl\/wp-content\/uploads\/2026\/04\/Rekuperacja-ciepla.jpg 1920w, https:\/\/twojpreview.pl\/wp-content\/uploads\/2026\/04\/Rekuperacja-ciepla-300x86.jpg 300w, https:\/\/twojpreview.pl\/wp-content\/uploads\/2026\/04\/Rekuperacja-ciepla-1024x295.jpg 1024w, https:\/\/twojpreview.pl\/wp-content\/uploads\/2026\/04\/Rekuperacja-ciepla-768x221.jpg 768w, https:\/\/twojpreview.pl\/wp-content\/uploads\/2026\/04\/Rekuperacja-ciepla-1536x442.jpg 1536w\" sizes=\"(max-width: 1920px) 100vw, 1920px\" \/>\t\t\t\t\t\t\t\t\t\t\t\t\t\t\t<\/div>\n\t\t\t\t\t<\/div>\n\t\t\t\t<\/div>\n\t\t<div class=\"elementor-element elementor-element-025bb17 e-flex e-con-boxed e-con e-parent\" data-id=\"025bb17\" data-element_type=\"container\" data-e-type=\"container\">\n\t\t\t\t\t<div class=\"e-con-inner\">\n\t\t\t\t<div class=\"elementor-element elementor-element-a8cfab5 elementor-widget elementor-widget-heading\" data-id=\"a8cfab5\" data-element_type=\"widget\" data-e-type=\"widget\" data-widget_type=\"heading.default\">\n\t\t\t\t\t<h2 class=\"elementor-heading-title elementor-size-default\">Rekuperacja ciep\u0142a \u2013 technologia dla zr\u00f3wnowa\u017conej przysz\u0142o\u015bci<\/h2>\t\t\t\t<\/div>\n\t\t\t\t<div class=\"elementor-element elementor-element-cacb2ac elementor-widget elementor-widget-text-editor\" data-id=\"cacb2ac\" data-element_type=\"widget\" data-e-type=\"widget\" data-widget_type=\"text-editor.default\">\n\t\t\t\t\t\t\t\t\tOmega Ekotech oferuje zaawansowane systemy rekuperacji ciep\u0142a ze \u015bciek\u00f3w pralniczych, kt\u00f3re s\u0105 nie tylko ekonomiczne, ale tak\u017ce ekologiczne. Dzi\u0119ki temu rozwi\u0105zaniu, zak\u0142ady przemys\u0142owe mog\u0105 zminimalizowa\u0107 koszty energii poprzez rekuperacj\u0119 ciep\u0142a z zu\u017cytej wody, co zmniejsza zu\u017cycie energii i emisj\u0119 CO\u2082. Inwestycja w takie systemy to krok w stron\u0119 zr\u00f3wnowa\u017conego rozwoju, kt\u00f3ry wspiera przedsi\u0119biorstwa w d\u0105\u017ceniu do wi\u0119kszej efektywno\u015bci i ochrony \u015brodowiska, przy jednoczesnym obni\u017ceniu koszt\u00f3w operacyjnych.\t\t\t\t\t\t\t\t<\/div>\n\t\t\t\t\t<\/div>\n\t\t\t\t<\/div>\n\t\t<div class=\"elementor-element elementor-element-0fab208 e-flex e-con-boxed e-con e-parent\" data-id=\"0fab208\" data-element_type=\"container\" data-e-type=\"container\">\n\t\t\t\t\t<div class=\"e-con-inner\">\n\t\t\t\t<div class=\"elementor-element elementor-element-270101c elementor-widget elementor-widget-heading\" data-id=\"270101c\" data-element_type=\"widget\" data-e-type=\"widget\" data-widget_type=\"heading.default\">\n\t\t\t\t\t<h2 class=\"elementor-heading-title elementor-size-default\">Etapy wdro\u017cenia systemu rekuperacji ciep\u0142a:<\/h2>\t\t\t\t<\/div>\n\t\t\t\t<div class=\"elementor-element elementor-element-412632d elementor-widget elementor-widget-text-editor\" data-id=\"412632d\" data-element_type=\"widget\" data-e-type=\"widget\" data-widget_type=\"text-editor.default\">\n\t\t\t\t\t\t\t\t\tTaki proces wdro\u017cenia zapewnia, \u017ce system rekuperacji ciep\u0142a b\u0119dzie dzia\u0142a\u0142 z maksymaln\u0105 efektywno\u015bci\u0105 i przyniesie <strong>d\u0142ugoterminowe korzy\u015bci finansowe oraz ekologiczne.<\/strong>\t\t\t\t\t\t\t\t<\/div>\n\t\t\t\t\t<\/div>\n\t\t\t\t<\/div>\n\t\t<div class=\"elementor-element elementor-element-0e4d97d e-flex e-con-boxed e-con e-parent\" data-id=\"0e4d97d\" data-element_type=\"container\" data-e-type=\"container\">\n\t\t\t\t\t<div class=\"e-con-inner\">\n\t\t\t\t<div class=\"elementor-element elementor-element-0c17bb1 elementor-widget elementor-widget-image\" data-id=\"0c17bb1\" data-element_type=\"widget\" data-e-type=\"widget\" data-widget_type=\"image.default\">\n\t\t\t\t\t\t\t\t\t\t\t\t\t\t\t<img decoding=\"async\" width=\"1024\" height=\"389\" src=\"https:\/\/twojpreview.pl\/wp-content\/uploads\/2026\/04\/3-1-1024x389.png\" class=\"attachment-large size-large wp-image-329\" alt=\"Odzysk Ciep\u0142a, Rekuperacja ciep\u0142a\" srcset=\"https:\/\/twojpreview.pl\/wp-content\/uploads\/2026\/04\/3-1-1024x389.png 1024w, https:\/\/twojpreview.pl\/wp-content\/uploads\/2026\/04\/3-1-300x114.png 300w, https:\/\/twojpreview.pl\/wp-content\/uploads\/2026\/04\/3-1-768x292.png 768w, https:\/\/twojpreview.pl\/wp-content\/uploads\/2026\/04\/3-1-1536x584.png 1536w, https:\/\/twojpreview.pl\/wp-content\/uploads\/2026\/04\/3-1.png 1757w\" sizes=\"(max-width: 1024px) 100vw, 1024px\" \/>\t\t\t\t\t\t\t\t\t\t\t\t\t\t\t<\/div>\n\t\t\t\t\t<\/div>\n\t\t\t\t<\/div>\n\t\t<div class=\"elementor-element elementor-element-15b26f2 e-flex e-con-boxed e-con e-parent\" data-id=\"15b26f2\" data-element_type=\"container\" data-e-type=\"container\">\n\t\t\t\t\t<div class=\"e-con-inner\">\n\t\t\t\t<div class=\"elementor-element elementor-element-d26628c elementor-widget elementor-widget-text-editor\" data-id=\"d26628c\" data-element_type=\"widget\" data-e-type=\"widget\" data-widget_type=\"text-editor.default\">\n\t\t\t\t\t\t\t\t\t<p class=\"\" data-start=\"104\" data-end=\"627\">Inwestycja w systemy rekuperacji ciep\u0142a ze \u015bciek\u00f3w z central\u0105 z rekuperatorem lub z rekuperatorem i pomp\u0105 ciep\u0142a zwraca si\u0119 w oko\u0142o 2 lata. Uk\u0142ad z rekuperatorem i pomp\u0105 ciep\u0142a <strong>po 3 latach<\/strong> generuje oszcz\u0119dno\u015bci \u2013 <strong>563\u202f000 z\u0142,<\/strong> w por\u00f3wnaniu do uk\u0142adu z rekuperatorem, kt\u00f3ry po kolejnych 3 latach pracy generuje <strong>337\u202f623 z\u0142.<\/strong> Oznacza to, \u017ce zaoszcz\u0119dzona kwota z rekuperacji ciep\u0142a ze \u015bciek\u00f3w w uk\u0142adzie z rekuperatorem i pomp\u0105 ciep\u0142a jest zatem 1,67 razy wi\u0119ksza ni\u017c w uk\u0142adzie z rekuperatorem.<\/p>\n<p class=\"\" data-start=\"629\" data-end=\"1166\">Inwestycja w system rekuperacji ciep\u0142a ze \u015bciek\u00f3w, zw\u0142aszcza w po\u0142\u0105czeniu z rekuperatorem i pomp\u0105 ciep\u0142a, to doskona\u0142y spos\u00f3b na szybki zwrot koszt\u00f3w oraz d\u0142ugoterminowe oszcz\u0119dno\u015bci. Dzi\u0119ki takiemu rozwi\u0105zaniu <strong>mo\u017cesz zaoszcz\u0119dzi\u0107 a\u017c 1,67<\/strong> <strong>razy<\/strong> wi\u0119cej ni\u017c przy standardowym uk\u0142adzie z rekuperatorem. Wybieraj\u0105c nasze systemy, nie tylko obni\u017casz koszty operacyjne, ale tak\u017ce przyczyniasz si\u0119 do ochrony \u015brodowiska. Zapraszamy do wsp\u00f3\u0142pracy \u2013 razem stworzymy bardziej efektywne i ekologiczne rozwi\u0105zania dla Twojej firmy!<\/p>\t\t\t\t\t\t\t\t<\/div>\n\t\t\t\t\t<\/div>\n\t\t\t\t<\/div>\n\t\t<div class=\"elementor-element elementor-element-9f45aa3 e-flex e-con-boxed e-con e-parent\" data-id=\"9f45aa3\" data-element_type=\"container\" data-e-type=\"container\">\n\t\t\t\t\t<div class=\"e-con-inner\">\n\t\t\t\t\t<\/div>\n\t\t\t\t<\/div>\n\t\t\t\t<\/div>\n\t\t","protected":false},"excerpt":{"rendered":"<p>W obliczu rosn\u0105cych koszt\u00f3w energii i coraz wi\u0119kszej potrzeby zr\u00f3wnowa\u017conego zarz\u0105dzania zasobami, rekuperacja ciep\u0142a ze \u015bciek\u00f3w pralniczych staje si\u0119 kluczowym [&hellip;]<\/p>\n","protected":false},"author":1,"featured_media":0,"parent":0,"menu_order":0,"comment_status":"closed","ping_status":"closed","template":"","meta":{"site-sidebar-layout":"no-sidebar","site-content-layout":"","ast-site-content-layout":"full-width-container","site-content-style":"default","site-sidebar-style":"default","ast-global-header-display":"","ast-banner-title-visibility":"","ast-main-header-display":"","ast-hfb-above-header-display":"","ast-hfb-below-header-display":"","ast-hfb-mobile-header-display":"","site-post-title":"","ast-breadcrumbs-content":"","ast-featured-img":"disabled","footer-sml-layout":"","ast-disable-related-posts":"","theme-transparent-header-meta":"","adv-header-id-meta":"","stick-header-meta":"","header-above-stick-meta":"","header-main-stick-meta":"","header-below-stick-meta":"","astra-migrate-meta-layouts":"default","ast-page-background-enabled":"default","ast-page-background-meta":{"desktop":{"background-color":"var(--ast-global-color-5)","background-image":"","background-repeat":"repeat","background-position":"center center","background-size":"auto","background-attachment":"scroll","background-type":"","background-media":"","overlay-type":"","overlay-color":"","overlay-opacity":"","overlay-gradient":""},"tablet":{"background-color":"","background-image":"","background-repeat":"repeat","background-position":"center center","background-size":"auto","background-attachment":"scroll","background-type":"","background-media":"","overlay-type":"","overlay-color":"","overlay-opacity":"","overlay-gradient":""},"mobile":{"background-color":"","background-image":"","background-repeat":"repeat","background-position":"center center","background-size":"auto","background-attachment":"scroll","background-type":"","background-media":"","overlay-type":"","overlay-color":"","overlay-opacity":"","overlay-gradient":""}},"ast-content-background-meta":{"desktop":{"background-color":"var(--ast-global-color-4)","background-image":"","background-repeat":"repeat","background-position":"center center","background-size":"auto","background-attachment":"scroll","background-type":"","background-media":"","overlay-type":"","overlay-color":"","overlay-opacity":"","overlay-gradient":""},"tablet":{"background-color":"var(--ast-global-color-4)","background-image":"","background-repeat":"repeat","background-position":"center center","background-size":"auto","background-attachment":"scroll","background-type":"","background-media":"","overlay-type":"","overlay-color":"","overlay-opacity":"","overlay-gradient":""},"mobile":{"background-color":"var(--ast-global-color-4)","background-image":"","background-repeat":"repeat","background-position":"center center","background-size":"auto","background-attachment":"scroll","background-type":"","background-media":"","overlay-type":"","overlay-color":"","overlay-opacity":"","overlay-gradient":""}},"footnotes":""},"class_list":["post-75","page","type-page","status-publish","hentry"],"_links":{"self":[{"href":"https:\/\/twojpreview.pl\/index.php?rest_route=\/wp\/v2\/pages\/75","targetHints":{"allow":["GET"]}}],"collection":[{"href":"https:\/\/twojpreview.pl\/index.php?rest_route=\/wp\/v2\/pages"}],"about":[{"href":"https:\/\/twojpreview.pl\/index.php?rest_route=\/wp\/v2\/types\/page"}],"author":[{"embeddable":true,"href":"https:\/\/twojpreview.pl\/index.php?rest_route=\/wp\/v2\/users\/1"}],"replies":[{"embeddable":true,"href":"https:\/\/twojpreview.pl\/index.php?rest_route=%2Fwp%2Fv2%2Fcomments&post=75"}],"version-history":[{"count":22,"href":"https:\/\/twojpreview.pl\/index.php?rest_route=\/wp\/v2\/pages\/75\/revisions"}],"predecessor-version":[{"id":332,"href":"https:\/\/twojpreview.pl\/index.php?rest_route=\/wp\/v2\/pages\/75\/revisions\/332"}],"wp:attachment":[{"href":"https:\/\/twojpreview.pl\/index.php?rest_route=%2Fwp%2Fv2%2Fmedia&parent=75"}],"curies":[{"name":"wp","href":"https:\/\/api.w.org\/{rel}","templated":true}]}}